r?
False
Is 1784327 a composite number?
False
Is 417527 a composite number?
True
Is 17359 a prime number?
True
Is 104513 prime?
True
Is 551 prime?
False
Is 2099 composite?
False
Is 15859 a prime number?
True
Is 3571 prime?
True
Is 3083 a prime number?
True
Is 5897 a prime number?
True
Is 3109 a prime number?
True
Is 2869331 a prime number?
False
Is 21377 a prime number?
True
Is 59309 composite?
True
Is 22189 a composite number?
False
Is 7262 prime?
False
Is 10007 prime?
True
Is 1573417 a composite number?
True
Is 33673 a composite number?
True
Is 278447 prime?
False
Is 326031 a composite number?
True
Is 875923 composite?
False
Is 168851 a prime number?
True
Is 284287 a prime number?
False
Is 217619 composite?
False
Is 913 prime?
False
Is 5731 a composite number?
True
Is 52729 a prime number?
False
Is 1953741 a composite number?
True
Is 63977 a composite number?
False
Is 243017 a composite number?
True
Is 7529 a prime number?
True
Is 77191 prime?
True
Is 12631 a composite number?
True
Is 64401 a prime number?
False
Is 837043 composite?
False
Is 12094 a composite number?
True
Is 26231 a prime number?
False
Is 22171 a composite number?
False
Is 6139 composite?
True
Is 742421 a composite number?
True
Is 22537 prime?
False
Is 15403 a prime number?
False
Is 145703 a prime number?
True
Is 3337738 prime?
False
Is 8885 a prime number?
False
Is 91537 a composite number?
True
Is 57217 prime?
False
Is 132773 a prime number?
False
Is 6607 composite?
False
Is 106823 a composite number?
False
Is 173501 prime?
True
Is 3309413 prime?
True
Is 44729 prime?
True
Is 31637 a composite number?
True
Is 1520173 composite?
False
Is 311173 prime?
True
Is 39439 composite?
False
Is 2227 prime?
False
Is 388807 composite?
True
Is 7601 prime?
False
Is 6117 a prime number?
False
Is 7001 prime?
True
Is 42169 prime?
True
Is 157 prime?
True
Is 93281 composite?
False
Is 3069205 composite?
True
Is 245567 a composite number?
True
Is 342371 a prime number?
True
Is 64951 a prime number?
True
Is 162065 composite?
True
Is 237377 prime?
False
Is 3427 a composite number?
True
Is 15149 a prime number?
True
Is 34421 a composite number?
False
Is 190235 composite?
True
Is 21149 a composite number?
False
Is 281159 a prime number?
True
Is 24749 a prime number?
True
Is 1535 prime?
False
Is 3590929 a prime number?
True
Is 302899 prime?
False
Is 115337 a composite number?
False
Is 1245187 composite?
False
Is 25097 prime?
True
Is 154229 composite?
False
Is 151511 a prime number?
False
Is 10757 a composite number?
True
Is 1936427 composite?
False
Is 65294 a composite number?
True
Is 59667 a prime number?
False
Is 182317 a composite number?
True
Is 62389 a composite number?
True
Is 27479 a prime number?
True
Is 2819 composite?
False
Is 1747 a composite number?
False
Is 3595 composite?
True
Is 95963 prime?
False
Is 40897 composite?
False
Is 553931 composite?
True
Is 2861 composite?
False
Is 148173 a prime number?
False
Is 181721 a composite number?
False
Is 173155 a prime number?
False
Is 10118 composite?
True
Is 83933 composite?
False
Is 181979 a composite number?
True
Is 510101 a prime number?
True
Is 3557 a composite number?
False
Is 2477 prime?
True
Is 63569 a composite number?
True
Is 52627 composite?
False
Is 3603 a prime number?
False
Is 1123267 a prime number?
True
Is 50359 composite?
False
Is 65211 composite?
True
Is 10583 composite?
True
Is 163817 prime?
False
Is 33481 prime?
False
Is 200357 a prime number?
True
Is 614267 composite?
False
Is 297331 a prime number?
False
Is 4340995 composite?
True
Is 214919 composite?
True
Is 1076887 composite?
True
Is 19193 a composite number?
True
Is 55579 composite?
False
Is 107519 composite?
True
Is 9895 prime?
False
Is 3791 a composite number?
True
Is 140249 a composite number?
False
Is 526451 prime?
False
Is 839089 a composite number?
True
Is 47129 composite?
False
Is 909209 a prime number?
False
Is 517637 composite?
False
Is 96913 prime?
False
Is 49711 a composite number?
False
Is 538 composite?
True
Is 159437 a composite number?
False
Is 42259 composite?
True
Is 118693 a prime number?
False
Is 134659 prime?
False
Is 363721 prime?
False
Is 1366 a prime number?
False
Is 4822 a prime number?
False
Is 146513 a composite number?
False
Is 259681 composite?
False
Is 14969 prime?
True
Is 10417 a composite number?
True
Is 57709 prime?
True
Is 3821 a composite number?
False
Is 551453 a prime number?
False
Is 75343 prime?
False
Is 2897 a prime number?
True
Is 33067 prime?
False
Is 266263 a composite number?
True
Is 34123 prime?
True
Is 22229 a prime number?
True
Is 99949 prime?
False
Is 8581 composite?
False
Is 5316829 prime?
False
Is 50678 composite?
True
Is 3314 a composite number?
True
Is 148711 a composite number?
False
Is 167421 prime?
False
Is 254623 prime?
True
Is 1130359 a prime number?
True
Is 340261 a prime number?
True
Is 23379 a prime number?
False
Is 420653 a composite number?
True
Is 196219 a prime number?
False
Is 691 prime?
True
Is 29893 a prime number?
False
Is 294967 composite?
True
Is 125011 prime?
False
Is 785947 a prime number?
True
Is 120157 composite?
False
Is 399005 a prime number?
False
Is 271533 prime?
False
Is 8999 a prime number?
True
Is 14165 prime?
False
Is 38557 prime?
True
Is 200623 prime?
False
Is 5167 a prime number?
True
Is 10661 composite?
True
Is 40643 a prime number?
False
Is 107233 a composite number?
True
Is 450199 composite?
False
Is 247691 a composite number?
False
Is 336983 a prime number?
True
Is 122893 composite?
True
Is 263803 a prime number?
True
Is 22921 a composite number?
False
Is 400927 composite?
False
Is 233443 composite?
True
Is 10219 prime?
False
Is 1357 a prime number?
False
Is 201329 a prime number?
True
Is 9371 composite?
False
Is 964585 prime?
False
Is 22107 prime?
False
Is 153931 composite?
True
Is 3779 a composite number?
False
Is 1937 prime?
False
Is 32177 a prime number?
False
Is 275005 prime?
False
Is 9237421 a prime number?
False
Is 6924221 composite?
False
Is 332659 a prime number?
False
Is 407437 composite?
False
Is 38039 prime?
True
Is 487861 a composite number?
True
Is 117903 a prime number?
False
Is 419381 a composite number?
True
Is 294277 composite?
False
Is 3353 a prime number?
False
Is 142097 a composite number?
False
Is 29357 prime?
False
Is 327757 prime?
True
Is 170999 prime?
False
Is 42442 a composite number?
True
Is 1700315 a composite number?
True
Is 11969 prime?
True
Is 19889 a prime number?
True
Is 278489 a prime number?
True
Is 5839 composite?
False
Is 5497 prime?
False
Is 1907 a prime number?
True
Is 3247 prime?
False
Is 160073 a composite number?
False
Is 3457 composite?
False
Is 1831 prime?
True
Is 1685 a composite number?
True
Is 166223 a composite number?
True
Is 102815 a prime number?
False
Is 1047737 a prime number?
True
Is 177091 a prime number?
True
Is 3871271 composite?
False
Is 14179 a composite number?
True
Is 65887 prime?
False
Is 1522357 prime?
True
Is 45943 composite?
False
Is 3009089 composite?
False
Is 23626 composite?
True
Is 379 a prime number?
True
Is 12677 prime?
False
Is 22863 a prime number?
False
Is 13393 a prime number?
False
Is 253937 composite?
False
Is 24899 a prime number?
False
Is 25561 prime?
True
Is 11021 composite?
True
Is 2039 prime?
True
Is 9941 a prime number?
True
Is 1471 composite?
False
Is 55021 a prime number?
True
Is 1651 prime?
False
Is 9841 a prime number?
False
Is 33377 prime?
True
Is 38023 a composite number?
True
Is 13073 a prime number?
False
Is 62026 prime?
False
Is 17657 a composite number?
False
Is 43879 a composite number?
True
Is 3241 a prime number?
False
Is 544097 prime?
True
Is 38813 composite?
True
Is 125591 a prime number?
True
Is 148507 a composite number?
True
Is 1571209 a composite number?
False
Is 20789 a prime number?
True
Is 412751 prime?
False
Is 548657 prime?
True
Is 297053 a composite number?
True
Is 1902899 composite?
False
Is 2132749 prime?
True
Is 114803 a prime number?
False
Is 102427 a prime number?
False
Is 10793 prime?
False
Is 23194 composite?
True
Is 407603 a composite number?
True
Is 83689 a prime number?
True
Is 357745 composite?
True
Is 497 composite?
True
Is 119959 a prime number?
False
Is 799 a prime number?
False
Is 2645453 a composite number?
False
Is 2149331 composite?
False
Is 871 prime?
False